{"id":13,"date":"2020-01-14T11:58:54","date_gmt":"2020-01-14T10:58:54","guid":{"rendered":"http:\/\/cohealth.se\/?page_id=13"},"modified":"2022-12-19T12:03:10","modified_gmt":"2022-12-19T11:03:10","slug":"welcome-home","status":"publish","type":"page","link":"http:\/\/cohealth.se\/","title":{"rendered":"WELCOME HOME"},"content":{"rendered":"\n<figure class=\"wp-block-image size-full\"><img loading=\"lazy\" decoding=\"async\" width=\"459\" height=\"250\" src=\"http:\/\/cohealth.se\/wp-content\/uploads\/2022\/08\/cropped-Original-on-Transparent-2.png\" alt=\"\" class=\"wp-image-567\" srcset=\"http:\/\/cohealth.se\/wp-content\/uploads\/2022\/08\/cropped-Original-on-Transparent-2.png 459w, http:\/\/cohealth.se\/wp-content\/uploads\/2022\/08\/cropped-Original-on-Transparent-2-300x163.png 300w\" sizes=\"(max-width: 459px) 100vw, 459px\" \/><\/figure>\n\n\n\n<h2 class=\"has-text-align-left wp-block-heading\"><strong>ETT RUM F\u00d6R H\u00c4LSA <\/strong><\/h2>\n\n\n\n<h3 class=\"has-text-align-left wp-block-heading\">P\u00c5 FRIDHEMSPLAN 2B I MORA<\/h3>\n\n\n\n<p class=\"has-drop-cap\">Vi har \u00f6ppet! Du \u00e4r varmt v\u00e4lkommen oavsett om du bara beh\u00f6ver en v\u00e4lg\u00f6rande massage eller vill ta hand om dig sj\u00e4lv och din h\u00e4lsa p\u00e5 mer djupg\u00e5ende s\u00e4tt; boka en <a href=\"https:\/\/www.bokadirekt.se\/boka-tjanst\/co-health-40136\/nystartserbjudande-n%C3%A4ringsterapeutisk-kosultation-och-h%C3%A4lsotest-med-blodanalys-1430200\">n\u00e4ringskonsultation med h\u00e4lsotest<\/a>er, <a href=\"https:\/\/www.bokadirekt.se\/boka-tjanst\/co-health-40136\/nlp-hypnos-3-ggr-paketpris-1435511\">NLP hypnos<\/a> eller kanske <a href=\"https:\/\/www.bokadirekt.se\/boka-tjanst\/co-health-40136\/coaching-samtalsterapi-1430210\">coachingsamtal<\/a> f\u00f6r att komma ig\u00e5ng och g\u00f6ra de f\u00f6r\u00e4ndringar som du l\u00e4ngtar efter och beh\u00f6ver just nu.<\/p>\n\n\n\n<p>F\u00f6r dig som inte har m\u00f6jlighet att komma hemifr\u00e5n erbjuder vi m\u00e5nga av v\u00e5ra tj\u00e4nster online. Ta hand om dig, hoppas vi ses.<\/p>\n\n\n\n<p><a href=\"https:\/\/www.facebook.com\/cohealth.se\/\">https:\/\/www.facebook.com\/cohealth.se\/<\/a><\/p>\n\n\n\n<div class=\"wp-block-button\"><a class=\"wp-block-button__link\" href=\"https:\/\/www.bokadirekt.se\/places\/co-health-40136\">BOKA H\u00c4R<\/a><\/div>\n\n\n\n<h3 class=\"has-very-dark-gray-color has-text-color wp-block-heading\"><a href=\"http:\/\/cohealth.se\/index.php\/erbjudanden-just-nu\/\">ERBJUDANDEN<\/a><\/h3>\n\n\n\n<h3 class=\"has-text-align-left has-cyan-bluish-gray-color has-text-color wp-block-heading\"><a rel=\"noreferrer noopener\" aria-label=\"Kostr\u00e5dgivning med motiverande samtal (\u00f6ppnas i en ny flik)\" href=\"http:\/\/cohealth.se\/index.php\/bodylove\/\" target=\"_blank\">KOSTR\u00c5DGIVNING <\/a><\/h3>\n\n\n\n<h3 class=\"wp-block-heading\"><a href=\"http:\/\/cohealth.se\/index.php\/bodylove\/\">N\u00c4RINGSTERAPEUTISK KONSULTATION<\/a><\/h3>\n\n\n\n<h3 class=\"has-text-align-left has-cyan-bluish-gray-color has-text-color wp-block-heading\"><a rel=\"noreferrer noopener\" aria-label=\"H\u00e4lsotester med blodanalys (\u00f6ppnas i en ny flik)\" href=\"http:\/\/cohealth.se\/index.php\/bodylove\/\" target=\"_blank\">H\u00c4LSOTESTER <\/a><\/h3>\n\n\n\n<h3 class=\"has-cyan-bluish-gray-color has-text-color wp-block-heading\"><a href=\"http:\/\/cohealth.se\/index.php\/bodylove\/\">BLODANALYS<\/a><\/h3>\n\n\n\n<h3 class=\"has-text-align-left has-cyan-bluish-gray-color has-text-color wp-block-heading\"><a rel=\"noreferrer noopener\" aria-label=\"Mental tr\u00e4ning med NLP-hypnos (\u00f6ppnas i en ny flik)\" href=\"http:\/\/cohealth.se\/index.php\/wakeup-reconnect\/\" target=\"_blank\">MENTAL TR\u00c4NING <\/a><\/h3>\n\n\n\n<h3 class=\"has-cyan-bluish-gray-color has-text-color wp-block-heading\"><a href=\"http:\/\/cohealth.se\/index.php\/wakeup-reconnect\/\">NLP HYPNOS<\/a><\/h3>\n\n\n\n<h3 class=\"has-text-align-left has-cyan-bluish-gray-color has-text-color wp-block-heading\"><a rel=\"noreferrer noopener\" aria-label=\"Stresshantering (\u00f6ppnas i en ny flik)\" href=\"http:\/\/cohealth.se\/index.php\/expand-change\/\" target=\"_blank\">STRESSHANTERING<\/a><\/h3>\n\n\n\n<h3 class=\"has-text-align-left has-cyan-bluish-gray-color has-text-color wp-block-heading\"><a rel=\"noreferrer noopener\" aria-label=\"Massage: lugnande eller djupg\u00e5ende terapeutisk \u2028 (\u00f6ppnas i en ny flik)\" href=\"http:\/\/cohealth.se\/index.php\/bodylove\/\" target=\"_blank\">MASSAGE<\/a><\/h3>\n\n\n\n<h3 class=\"has-text-align-left has-cyan-bluish-gray-color has-text-color wp-block-heading\"><a rel=\"noreferrer noopener\" aria-label=\"F\u00d6REL\u00c4SNINGAR  (\u00f6ppnas i en ny flik)\" href=\"http:\/\/cohealth.se\/index.php\/forelasningar\/\" target=\"_blank\">F\u00d6REL\u00c4SNINGAR<\/a><\/h3>\n\n\n\n<p><\/p>\n\n\n\n<p><\/p>\n\n\n\n<div class=\"wp-block-button\"><a class=\"wp-block-button__link\" href=\"https:\/\/www.bokadirekt.se\/places\/co-health-40136\">BOKA H\u00c4R<\/a><\/div>\n\n\n\n<p><\/p>\n\n\n\n<p><\/p>\n\n\n\n<p class=\"has-drop-cap\">MANIFESTO<\/p>\n\n\n\n<p>V\u00e5r definition av h\u00e4lsa, \u00e4r n\u00e4r du har kraften och f\u00f6rm\u00e5gan att leva det liv du dr\u00f6mmer om.  Det kan handla om din kropp eller dina tankar, men oavsett vart problemet eller sv\u00e5righeterna sitter, s\u00e5 ser vi kroppen som en helhet. F\u00f6r att bli frisk, m\u00e5ste man ta h\u00e4nsyn till alla delar av sitt v\u00e4sen. V\u00e4gen mot h\u00e4lsa \u00e4r v\u00e4ldigt s\u00e4llan en &#8221;quick fix&#8221;, utan handlar ofta om en l\u00e4ngre resa. Som beror p\u00e5 hur l\u00e5ng tid det tog att komma dit du \u00e4r idag. Symptomlindring i all \u00e4ra, ibland beh\u00f6vs den&#8230; men f\u00f6r ett mer l\u00e5ngsiktigt perspektiv, v\u00e4ljer vi hellre att g\u00e5 till roten av problemet och hitta den verkliga orsaken till varf\u00f6r du m\u00e5r som du m\u00e5r!<\/p>\n\n\n\n<p>V\u00e4lkommen till c\/o health: co-creating the new you. Tillsammans blir vi friskare.<\/p>\n\n\n\n<figure class=\"wp-block-embed is-type-video is-provider-youtube wp-block-embed-youtube wp-embed-aspect-16-9 wp-has-aspect-ratio\"><div class=\"wp-block-embed__wrapper\">\n<iframe loading=\"lazy\" title=\"Trailer co health\" width=\"525\" height=\"295\" src=\"https:\/\/www.youtube.com\/embed\/-yiHhTBmNJU?feature=oembed\" frameborder=\"0\" allow=\"accelerometer; autoplay; clipboard-write; encrypted-media; gyroscope; picture-in-picture\" allowfullscreen><\/iframe>\n<\/div><\/figure>\n","protected":false},"excerpt":{"rendered":"<p>ETT RUM F\u00d6R H\u00c4LSA P\u00c5 FRIDHEMSPLAN 2B I MORA Vi har \u00f6ppet! Du \u00e4r varmt v\u00e4lkommen oavsett om du bara beh\u00f6ver en v\u00e4lg\u00f6rande massage eller vill ta hand om dig sj\u00e4lv och din h\u00e4lsa p\u00e5 mer djupg\u00e5ende s\u00e4tt; boka en n\u00e4ringskonsultation med h\u00e4lsotester, NLP hypnos eller kanske coachingsamtal f\u00f6r att komma ig\u00e5ng och g\u00f6ra de &hellip; <\/p>\n<p class=\"link-more\"><a href=\"http:\/\/cohealth.se\/\" class=\"more-link\">Forts\u00e4tt l\u00e4sa<span class=\"screen-reader-text\"> \u201dWELCOME HOME\u201d<\/span><\/a><\/p>\n","protected":false},"author":1,"featured_media":585,"parent":0,"menu_order":0,"comment_status":"closed","ping_status":"closed","template":"","meta":{"_monsterinsights_skip_tracking":false,"_monsterinsights_sitenote_active":false,"_monsterinsights_sitenote_note":"","_monsterinsights_sitenote_category":0,"_uf_show_specific_survey":0,"_uf_disable_surveys":false,"footnotes":""},"aioseo_notices":[],"_links":{"self":[{"href":"http:\/\/cohealth.se\/index.php\/wp-json\/wp\/v2\/pages\/13"}],"collection":[{"href":"http:\/\/cohealth.se\/index.php\/wp-json\/wp\/v2\/pages"}],"about":[{"href":"http:\/\/cohealth.se\/index.php\/wp-json\/wp\/v2\/types\/page"}],"author":[{"embeddable":true,"href":"http:\/\/cohealth.se\/index.php\/wp-json\/wp\/v2\/users\/1"}],"replies":[{"embeddable":true,"href":"http:\/\/cohealth.se\/index.php\/wp-json\/wp\/v2\/comments?post=13"}],"version-history":[{"count":52,"href":"http:\/\/cohealth.se\/index.php\/wp-json\/wp\/v2\/pages\/13\/revisions"}],"predecessor-version":[{"id":657,"href":"http:\/\/cohealth.se\/index.php\/wp-json\/wp\/v2\/pages\/13\/revisions\/657"}],"wp:featuredmedia":[{"embeddable":true,"href":"http:\/\/cohealth.se\/index.php\/wp-json\/wp\/v2\/media\/585"}],"wp:attachment":[{"href":"http:\/\/cohealth.se\/index.php\/wp-json\/wp\/v2\/media?parent=13"}],"curies":[{"name":"wp","href":"https:\/\/api.w.org\/{rel}","templated":true}]}}